it of k?
1
Let x(m) = m**2 + 2*m - 13. Let a be x(-11). Let n = a - -103. What is the hundreds digit of n?
1
Let h(q) = -q**3 + 15*q**2 - 22*q + 19. Let y be h(13). Suppose y = 4*g - 353. What is the tens digit of g?
0
What is the tens digit of (66/8 + -7)*12*219?
8
Suppose -4*x = -3*m, -4*x - 4*m - 8 = -36. Suppose -4*w + 3*c + 121 = 0, -2*w + 160 = x*w - 2*c. Let z = -21 + w. What is the units digit of z?
3
What is the thousands digit of ((-43110)/(-27))/(15/18)?
1
Let s(k) = 4*k**2 - 9*k + 91. What is the thousands digit of s(24)?
2
Suppose -4*z + 2*g = 330, g + 345 = -4*z - 0*g. Let s = z - -40. Let u = s - -84. What is the units digit of u?
9
Let l(g) = 15*g**3 + 5*g**2 - 3*g - 4. What is the hundreds digit of l(3)?
4
Let s be 1*(3*20 + -1). Let g = 51 + -26. Let j = s - g. What is the tens digit of j?
3
What is the hundreds digit of (69/(-3))/((-2)/22)?
2
Let h(w) = w**3 - 15*w**2 + w + 63. What is the units digit of h(0)?
3
Let r = -63 + 157. Let y = -66 + r. What is the units digit of y?
8
Let p(s) = -s + 6. Let a(h) = -2*h + 7. Let o(v) = -3*a(v) + 2*p(v). What is the units digit of o(19)?
7
Let w = -9 + 15. Suppose 3*r - 486 = -h, 2*h = -r + w*h + 175. What is the tens digit of r?
6
Let h(i) = -583*i + i**3 + 592*i - 9*i**2 + 1 + i**2. What is the tens digit of h(7)?
1
Suppose 4*l + l = 0. Suppose 3*u + 0*u - 120 = l. What is the units digit of u?
0
Suppose -13*y + 3*y + 40 = 0. Suppose y*m + t + 2*t - 941 = 0, -3*m = 2*t - 706. What is the units digit of m?
6
Let c(q) = -q**3 - 149*q - 5. What is the hundreds digit of c(-11)?
9
Let k be 1 + 5/((-15)/(-12)). Let o = 50 + -38. Suppose k*z + o - 77 = 0. What is the units digit of z?
3
Suppose -o = 2*k - 0 + 11, 4*k = -o - 17. What is the tens digit of 1/((k/141)/(-1))?
4
Let x be 104 - (0/(-2))/(3 - 1). Let g = x + -53. What is the units digit of g?
1
Let w = -19 + 32. Suppose 195 = -w*b + 1079. What is the units digit of b?
8
Let v(y) = y**3 + y**2 - 7*y - 3. Let a be v(-3). Suppose 5*r + 15 = a, -2*k - 5*r = -k - 44. What is the units digit of k?
9
What is the units digit of (-46)/207 - (-1334)/9?
8
What is the tens digit of (-434)/(-6)*(62 + -59)?
1
Let s(j) = j**3 - 2*j**2 - 7*j - 6. Suppose 0 = m - 12 + 7. What is the units digit of s(m)?
4
Let u(z) = -z**2 + 34*z + 1. Let p be ((-1)/(5 - 2))/((-13)/897). What is the tens digit of u(p)?
5
Let a(s) = 4*s**2 + 3*s - 4*s + 0*s**2 + 4*s + 2 + s**3. Let i be a(-3). Suppose -122 = -i*c + 3*m, 0*m + 4*m - 200 = -3*c. What is the tens digit of c?
6
Let z = -13 + 18. Suppose t + 139 = -5*s + 686, -z*s - 3*t = -551. Suppose 4*c - 3*h = -2*h + s, 0 = h + 1. What is the units digit of c?
7
Let o(f) = -29*f + 104. What is the tens digit of o(-13)?
8
Let w(y) = -y**3 + 13*y**2 - 10*y + 15. Suppose 3*f - 4*n - 48 = 0, -2*n - 6 + 0 = 0. Let a be w(f). Let o = -12 + a. What is the units digit of o?
7
Let p be 30/(-20)*8/(-6). Suppose p*m = -5*i + 330, -3*i + 5*m + 0*m + 229 = 0. What is the units digit of i?
8
Suppose 208 + 777 = 2*d - 5*t, -1497 = -3*d + t. What is the hundreds digit of d?
5
What is the tens digit of -5 + 0 - 17/((-17)/250)?
4
Let q be -5 - (-10 - -5 - -310). Let a = 529 + q. What is the tens digit of a?
1
What is the hundreds digit of 13/52 + 2171/4 - 3?
5
Suppose 4*v + 4*l = 1184, v + 891 = 4*v + 2*l. What is the units digit of v?
9
Suppose -3*j = -2*q - 191, 63 - 351 = -4*j - 4*q. Suppose k + 0*k + 4*m = j, -4*m + 169 = 3*k. What is the tens digit of k?
5
Let c(n) = 22*n**2 - 2*n + 1. Suppose 5*s - 6 = -4*k - 0, -5*s + 11 = -k. Let y be c(s). Suppose -2*b + 3 = b, 0 = 3*p - 2*b - y. What is the tens digit of p?
2
Let z be (-64)/(-11) + (-4)/(-22). Let g(r) = 64 + r + 2*r**2 - 71 - r**2. What is the units digit of g(z)?
5
Suppose -3*d = 4*o - 1055, 2*d + 8*o - 705 = 7*o. What is the hundreds digit of d?
3
Suppose 0 = 17*q - 2*q + 465. Let g(y) = -y**3 + 7*y**2 + 5*y - 2. Let s be g(4). Let b = q + s. What is the tens digit of b?
3
Suppose 0*k + 20 = 4*k. Let d = -4 + k. What is the units digit of d/3 + 65/3?
2
Let v(b) = 9*b - 32. Let x(n) = 3*n - 11. Let a(w) = 6*v(w) - 17*x(w). Let q be a(12). Let r = -4 + q. What is the tens digit of r?
2
What is the units digit of (-6 + (-90)/4)/((-3)/88)?
6
Let d = -521 + 2209. What is the thousands digit of d?
1
What is the hundreds digit of (4310/(-4))/(-1) - (-55)/110?
0
Let o be (-82)/7 - 16/56. Let r be (1 + 11)/(o - -14). Suppose -q - r*l = -3*l + 3, 3*q - 15 = 3*l. What is the units digit of q?
3
Let a(v) = v**2 + 10*v + 25. Let t be a(-6). What is the units digit of (-11)/(66/27)*(t - 11)?
5
Let g(r) = 6 + 7*r**3 + 0*r**3 - 6*r - 1 + 5*r. Let d be g(2). Suppose -d = -w - 5*t, -w - 5*t - 385 = -6*w. What is the tens digit of w?
7
Let z(k) = -k**3 + 5*k**2 + 10*k - 8. Let s be z(7). Let n = s - -112. Let c = n - 41. What is the tens digit of c?
3
Suppose 4*x - 28 = 8*x - 5*a, -21 = 3*x - 2*a. Let r = x + 7. Suppose -2*h + r = -8. What is the units digit of h?
4
Let q = -14 + 21. Let h(m) = -m + 4. Let b be h(q). What is the units digit of 16 + 2 + -4 - b?
7
Suppose -8*q = -4*q - 20. Suppose 664 = q*t + 74. What is the tens digit of t?
1
Let y = 1465 + -471. What is the hundreds digit of y?
9
What is the tens digit of (-1262)/(-3) - (91/(-21) + 4)?
2
Suppose -7*v + 10*v = -2*m + 135, 4*v - 180 = -3*m. What is the units digit of v?
5
Let c = 47 - 45. Suppose 0 = 3*n + o + c*o - 75, -5*n + 130 = 4*o. What is the units digit of n?
0
Suppose 3 = -2*y - 3*o - 1, 0 = 3*o + 6. Let j be y/(-1)*(11 + -6). Let k = j + 45. What is the units digit of k?
0
Suppose 4*z = 0, -2*z = 4*i - 7*z - 12. Suppose -3*o - i*o = -654. What is the tens digit of o?
0
Let w = 381 - 157. What is the tens digit of w?
2
Let s(l) = 2*l**2 + 3*l - 4. Let y(d) = d - 1. Suppose -3*o = -4*q + 3 - 17, 3*q + o + 4 = 0. Let w be y(q). What is the units digit of s(w)?
5
Let t(y) = y**2 - y + 1. Let b be ((-10)/(-15))/(2/15). Suppose -l = -2*l + b. What is the units digit of t(l)?
1
Let i be 54/24*16/(-6). Let a(v) = -v**2 - 14*v - 12. Let s be a(i). Let x = -22 + s. What is the tens digit of x?
1
Suppose -2*t + 5 - 13 = 0. Let p be ((-8)/(-6))/(t/(-30)). What is the units digit of ((-24)/p)/(4/(-30))?
8
Suppose 3*i + 11 = 5*j, -i - 46 = 2*i + 2*j. Let k be ((-80)/i)/((-2)/(-12)). Let g = 63 - k. What is the tens digit of g?
2
Suppose -39*x - 2694 = -45*x. What is the units digit of x?
9
Let b(i) = 85*i + 1743. What is the units digit of b(0)?
3
Let u(c) = 9*c - 3. Let s(r) = 2*r - 1. Let z(g) = 26*s(g) - 6*u(g). Let j be z(-8). What is the tens digit of (2 + -6)/(j/(-44))?
2
Let y = -88 + 87. What is the units digit of (50 - -4) + -2 - y?
3
Let q(o) = -o**3 + 6*o**2 - 6*o + 5. Let u be q(5). Suppose -w - 4*n = -48, -288 = -5*w + 4*n - 0*n. Suppose -y + 0 + w = u. What is the tens digit of y?
5
Suppose -b - 9 + 19 = 0. Let i(j) = -7*j - b - j**2 + 0*j + 20. What is the tens digit of i(-7)?
1
Suppose 4*y + 22 = g, -3*y - 3*g - 7 = 2. Let r(x) = -10*x + 5. Let v be r(y). Let f = -35 + v. What is the tens digit of f?
2
Let j(o) = 6*o**2 - 3*o - 9. Let c be j(-2). Suppose -23*w + c*w = -264. What is the hundreds digit of w?
1
Suppose 0 = 3*c + c - 24. Let t = c - 7. What is the tens digit of t/(-4) + 182/8?
2
Let y be (0 + 5)*12/10. Suppose 11 = 5*w + y. What is the tens digit of -1*(w - 0)*-49?
4
Let y(i) be the second derivative of -i**4/12 - 2*i**3 + 7*i**2/2 - 6*i. What is the units digit of y(-9)?
4
Let i(r) = 4*r**3 - 2*r**2 - 6*r + 1. Suppose -3*u - 2*t = -11, -2*u + 2 = -7*t + 3*t. What is the units digit of i(u)?
3
Let b(r) = -r**3 - r**2 + 3*r + 2. Let m be b(-2). Suppose m*f = -f. Suppose f = 2*z - 3*z + 2. What is the units digit of z?
2
Let o be 6/(25 - 7)*(0 - 0). Suppose o = -5*g + 6 - 1, -247 = -3*z - 4*g. What is the tens digit of z?
8
What is the units digit of (572/(-198))/((-1)/9)?
6
Let r = 4091 - 1668. What is the units digit of r?
3
Let j(d) = -d**3 - 5*d**2 - 6*d - 4. Let r be j(-4). Suppose p = 5*m - 0 - 2, -3*p + r = -5*m. Suppose 25 = -p*n + 4*n. What is the tens digit of n?
2
Let i = 1548 + -869. What is the hundreds digit of i?
6
Let m(v) = -12*v + 3. Let j be m(-2). Let c = 27 - j. What is the tens digit of (-108)/(-15)*(5 + c)?
3
Let t be 12/(-3) - -3 - 2. Let z be (-854)/(-21) + t/(-9). Suppos